 -3*k + 21 = -4*m - l. What are the prime factors of k?
3
Let z(b) = b**2 + 9*b - 9. Let l be z(-10). Suppose l = -i + 5. Suppose -s = -i*c - 7 + 47, 4*c + s - 40 = 0. List the prime factors of c.
2, 5
Suppose 3*y - 9 = 0, -4*v - 3*y + 39 = v. Let c(x) = x**3 - 7*x**2 + 8*x - 8. List the prime factors of c(v).
2
Suppose 0 = d - 41 - 11. List the prime factors of d.
2, 13
Suppose -5*p + 67 = 2*d, p + 3*p + 2*d - 52 = 0. What are the prime factors of p?
3, 5
What are the prime factors of 6*268/32*4?
3, 67
Suppose -w + 3*k + 1 = 0, -5*w + 4*k + k + 15 = 0. List the prime factors of (w/(-10))/((-5)/150).
2, 3
Let o be 6/(-21) + 48/21. Suppose -3*r - 10 = -4*u - 0, o*u + 2*r = 12. Suppose -u*q = -3*v - 24, 0*v = 5*q - 4*v - 29. What are the prime factors of q?
3
Let v(x) = -x + 9. What are the prime factors of v(-8)?
17
Let s be (2 - (-5)/(-1)) + 34. Let m = s + -18. Suppose 62 - m = 3*r - 5*i, -4*i + 12 = 4*r. What are the prime factors of r?
2
Suppose 119 = 8*p + 15. List the prime factors of p.
13
Let h(k) be the first derivative of -k**2 + 4*k + 8. What are the prime factors of h(-10)?
2, 3
Let v = 3 + 48. What are the prime factors of v?
3, 17
Let m(n) = n + 10. Let s be m(-7). Suppose h = -s*h + 72. List the prime factors of h.
2, 3
Let l = 3 + 48. What are the prime factors of -1 + 1 + l/3?
17
Suppose -5*q - 69 = 2*u - 315, 2*q - 93 = u. Suppose 2*j + 0*j - q = 0. Suppose -3*z + 30 = 5*a + 2*z, 4*a - 3*z - j = 0. List the prime factors of a.
2, 3
Suppose -5*j + 6*j - 23 = 0. What are the prime factors of j?
23
Let r(c) = -c**2 - 12. Let n be r(0). Let f = n + 18. List the prime factors of f.
2, 3
Suppose 173 = 2*s + 3*a, 4*s - a - 17 = 350. What are the prime factors of s?
7, 13
Suppose -29 = -3*b + 5*r, 4*b + 4*r + 20 = 6*b. Let c = -13 + b. What are the prime factors of (8/c)/(4/(-30))?
2, 3
Let q(l) = -l**2 + 6*l + 4. Let z be q(6). Let u = z + -7. List the prime factors of ((-6)/2 - u) + 20.
2, 5
Let y = -12 - 177. What are the prime factors of (-20)/(-6)*y/(-18)?
5, 7
Let n(b) = b - 19. Let z be n(7). Let q(g) = 7 + 5*g - 2 + 11*g**2 + g**3 - 17*g. List the prime factors of q(z).
5
Let s(v) = v**2 + v**3 - 2*v + 1 - 3*v + 4*v. Let r be s(1). Suppose 0 = -u - d, 0 = 2*u - r*d + 5 - 13. What are the prime factors of u?
2
Let q(s) = -2*s. Suppose -3*d - 1 = 5. What are the prime factors of q(d)?
2
Let w(u) = 36*u**3 + 1. Let x be w(-1). Let z = x - -71. List the prime factors of z.
2, 3
Suppose 2*r + 7 = 23. Let n(c) = -c**3 + 12*c**2 - 8*c - 16. Let h be n(11). Let t = h - r. What are the prime factors of t?
3
Suppose -5*m - 1 = -11. Suppose 0 = -4*b + 2*b. Suppose 2*s = -2*p + 16, b*s + 4*s - 24 = -m*p. List the prime factors of p.
2
Let v(u) = u**3 + u - 28. Let a be v(0). Let g = -6 - a. What are the prime factors of g?
2, 11
Let p(q) = -q**2 - q + 2. Let f be p(-2). Let a be 386/6 - (-2)/3. Suppose -5*z + f*z = -a. What are the prime factors of z?
13
Let a(o) = 3*o**2 + o - 1. Let t be (-1)/(-2) + (-6)/(-12). What are the prime factors of a(t)?
3
Let r(z) = 1 - 1 - z - z. What are the prime factors of r(-1)?
2
List the prime factors of (3 - -2)*(-8)/(-5).
2
Let u(m) = m**2 + 5*m + 6. Let h = -6 - -1. Let p be u(h). List the prime factors of (-34)/(-3) - (-4)/p.
2, 3
Let h(m) = -9*m**2 + 11*m - 4. Let l(i) = -8*i**2 + 10*i - 3. Let n(f) = 6*h(f) - 7*l(f). List the prime factors of n(5).
3
Let p(y) = -11*y**3 - y**2. Let w be p(-1). List the prime factors of (-15)/w*46/(-3).
23
Suppose 7*r = 3*r. Suppose -3*g + 4*p + 7 = r, -3*p + p = 8. Let b = g - -6. What are the prime factors of b?
3
Let h be -5 + (-2 - -6)/2. What are the prime factors of 18/3*h/(-2)?
3
Let h(n) = -3*n. Suppose 0 = 2*x + x - 3*s + 18, 5*x = 2*s - 18. What are the prime factors of h(x)?
2, 3
Let y(b) = 2*b**2 - 7*b + 5. Let r be y(4). List the prime factors of (r/(-6))/(9/(-78)).
13
Let a = 1 + 0. Let n(j) = j + 1. Let y be n(6). List the prime factors of y*a*(-1 + 2).
7
Let f(a) = -3*a + 1 + a - a**3 - 5*a**2 + 2*a**3. What are the prime factors of f(6)?
5
Suppose 4*q - 2*g + 7 = 31, 10 = -5*g. Suppose -q*l + 0 + 55 = 0. List the prime factors of l.
11
Let m = 5 + 6. Let b = m - 2. List the prime factors of b.
3
Let j(l) = l**3 - l**2 + 1. Suppose -4*q = 5*c - 30, 5*c + 2*q - 15 = q. List the prime factors of j(c).
5
Let o(x) = -2 + 0*x + 2*x - 7. What are the prime factors of o(9)?
3
Suppose 4*x - 117 = x. What are the prime factors of x?
3, 13
Let n(a) = -100*a - 7. List the prime factors of n(-2).
193
Suppose -3*d = -x + 263, 10 = -5*d - 5. List the prime factors of x.
2, 127
Let k be -1 - (-1 - 0 - -2). Let c be 18 + 0 + (-4 - k). Suppose j = 3*g + c, 3*j + 5*g + 50 = 8*j. What are the prime factors of j?
7
Let i = -9 + 11. What are the prime factors of (4/10)/(i/30)?
2, 3
Suppose 2*d + 10 = -3*o, 14 = -2*d - 4*o - 0*o. Suppose s = 5 - d. List the prime factors of s.
2
Let x be -3 + 5 - (0 + 11). Let m = x - -5. List the prime factors of (-3)/12 + (-9)/m.
2
Suppose -4*b - 4 = 5*l, 0 = -2*l - 0*l - 8. List the prime factors of b.
2
Suppose -3*h = 4*u - 20, -u + 25 = 4*u + h. Suppose 29 = -4*m - 3*x, 50 = -u*m - 3*x + 2*x. Let o = m - -16. List the prime factors of o.
5
Suppose -2*o - 140 = -4*p, -p + 2*o + 13 = 7*o. List the prime factors of p.
3, 11
Let g = 3 - -55. What are the prime factors of g?
2, 29
Let c = 24 - 15. Suppose 12 = 3*r - 0*r. Suppose c = r*v - 11. What are the prime factors of v?
5
List the prime factors of 5544/45 - ((-9)/(-15))/3.
3, 41
Let r(p) = p**2 + 7*p - 1. Let k be r(-6). Let w = k - -6. List the prime factors of -1 + (1 - 13)*w.
11
Let m be 5/((-10)/4)*-3. Let l(q) = -q**2 + 6*q + 3. Let v be l(m). Let o = v - 1. What are the prime factors of o?
2
What are the prime factors of (-4)/6 + 2093/39?
53
Suppose 5*k = 2*k. Suppose 3*c - 5*j - 43 = k, 2*c - 4*j - 17 = 15. Suppose 2*w - c = -0*w. List the prime factors of w.
3
Let v(a) = -a**3 - 15*a**2 + a + 20. What are the prime factors of v(-15)?
5
Suppose 5*o - 4*o - 18 = 0. Suppose 0 = i - 4*i - o. Let b = 3 - i. List the prime factors of b.
3
Let a(f) = -17*f**2 - 2*f - 1. Let s be a(-1). Let c = s + 34. List the prime factors of c.
2, 3
Let b(o) = 19*o**3 - 2*o**2 + o. Let w be b(1). Suppose -w = -3*l + 9. What are the prime factors of l?
3
Let f be (-3)/(578/(-292) - -2). What are the prime factors of 2/(-9) + f/(-9)?
2
Let j be (-1)/3 - (-44)/(-12). Let a be 14/j*(-8)/14. Suppose w + 2*r + a*r = 30, -w + 5 = -r. List the prime factors of w.
2, 5
Suppose -4*m - 16 = 0, -3*y + 159 = -2*y + m. What are the prime factors of y?
163
Suppose 3 = -g - 3*h, -5*g - 2 = h - 1. Let l be (-5)/2*(2 + -4). Suppose 0*b - l*b + 35 = g. List the prime factors of b.
7
Let o(a) be the second derivative of a**5/20 + 7*a**4/12 - a**3/6 - 3*a**2/2 - 4*a. What are the prime factors of o(-7)?
2
Let n = 3 + 1. Suppose n*h - 20 = 4. Suppose -14 = -2*z + h. What are the prime factors of z?
2, 5
Suppose 2*o = 3*o. Suppose -3*r - 3*q + 3 = 0, q = -o*q - 4. What are the prime factors of r?
5
Let w = 408 + -171. What are the prime factors of w?
3, 79
Let w = 51 - 47. What are the prime factors of w?
2
Let z be 0 - -4 - (-1 + 2). Suppose -3*s = z, 4*g - s + 33 = 138. List the prime factors of g.
2, 13
Let o(w) be the first derivative of w**3/3 - 7*w**2/2 + 6*w + 3. Let v be o(7). List the prime factors of v*(-15)/(-18)*3.
3, 5
Suppose -2*n - 3*n + 395 = 0. List the prime factors of n.
79
Let p(i) be the second derivative of 5*i**4/12 + 2*i**3/3 - 3*i**2/2 - 7*i. List the prime factors of p(2).
5
Let c = 5 + -2. Suppose 3*a + 15 = 0, -1 = -c*j - 4*a - 3. Suppose 1 = -b + j. What are the prime factors of b?
5
Suppose -2*k + 460 + 99 = 5*h, 3*h + k = 336. List the prime factors of h.
113
Let z(p) = p**2 - 2*p - 4. Suppose u + q + 3 = -1, 4 = 4*q. List the prime factors of z(u).
31
Let i = -3 - -6. Suppose i = -z, 2*z = -2*d + 2 - 4. What are the prime factors of d?
2
Let p = -8 - -11. What are the prime factors of ((-1 - p) + 2)*-29?
2, 29
Suppose 390 = 10*q + 3*q. What are the prime factors of q?
2, 3, 5
Let o(x) = -x**3 - 5*x**2 + 3*x - 3. Let g be o(-6). Let a = g + -7. List the prime factors of a.
2
Suppose -2*i - 2*i = 5*r - 10, 2 = -3*i + r. What are the prime factors of (i + -1)*1*-17?
17
Let w be -3*(-1 